667
Calculate the remainder when 176178497 is divided by 51.
17
Calculate the remainder when 80112466 is divided by 159.
157
Calculate the remainder when 65450 is divided by 10764.
866
Calculate the remainder when 8584476 is divided by 29.
12
What is the remainder when 1805327 is divided by 902640?
47
What is the remainder when 349801 is divided by 5022?
3283
Calculate the remainder when 301721 is divided by 226.
11
What is the remainder when 48111 is divided by 48075?
36
What is the remainder when 86147 is divided by 6590?
477
What is the remainder when 77673061 is divided by 2072?
2069
Calculate the remainder when 3556888 is divided by 1778357.
174
What is the remainder when 312254 is divided by 44599?
61
What is the remainder when 286930 is divided by 95485?
475
What is the remainder when 1079896 is divided by 979?
59
What is the remainder when 1002272095 is divided by 361?
359
Calculate the remainder when 115924 is divided by 4145.
4009
Calculate the remainder when 33299 is divided by 6616.
219
What is the remainder when 34986 is divided by 34845?
141
What is the remainder when 3606978 is divided by 601161?
12
Calculate the remainder when 2439244 is divided by 1031.
929
What is the remainder when 22046869 is divided by 229?
123
Calculate the remainder when 3281 is divided by 2843.
438
Calculate the remainder when 2498143 is divided by 104087.
55
Calculate the remainder when 1081096 is divided by 293.
219
Calculate the remainder when 3790790 is divided by 132.
14
What is the remainder when 8504534 is divided by 1310?
14
What is the remainder when 1846092 is divided by 1846041?
51
Calculate the remainder when 131257 is divided by 131248.
9
Calculate the remainder when 6276 is divided by 1923.
507
Calculate the remainder when 75522004 is divided by 1215.
34
Calculate the remainder when 14633 is divided by 51.
47
What is the remainder when 8034773 is divided by 780?
773
Calculate the remainder when 8065458 is divided by 2016350.
58
Calculate the remainder when 1904090 is divided by 127.
106
What is the remainder when 17283 is divided by 16584?
699
What is the remainder when 525062904 is divided by 3418?
3416
What is the remainder when 10286600 is divided by 19014?
26
Calculate the remainder when 1175737 is divided by 7396.
7169
What is the remainder when 609360 is divided by 1024?
80
Calculate the remainder when 7012515 is divided by 45242.
5
What is the remainder when 7701258 is divided by 1290?
1248
What is the remainder when 2243 is divided by 181?
71
What is the remainder when 407582404 is divided by 58226056?
12
Calculate the remainder when 4369198 is divided by 10735.
53
Calculate the remainder when 15474181 is divided by 396771.
112
What is the remainder when 5187062 is divided by 1296758?
30
What is the remainder when 39345282 is divided by 1229540?
2
Calculate the remainder when 290169 is divided by 13132.
1265
What is the remainder when 34889 is divided by 17362?
165
Calculate the remainder when 7712311 is divided by 3856154.
3
What is the remainder when 2469667 is divided by 70?
67
What is the remainder when 182707 is divided by 6828?
5179
Calculate the remainder when 3033065 is divided by 1001.
35
Calculate the remainder when 239053 is divided by 518.
255
What is the remainder when 8028242 is divided by 221?
196
Calculate the remainder when 17649915 is divided by 189784.
3
Calculate the remainder when 1316554 is divided by 440.
74
Calculate the remainder when 48915105 is divided by 6310.
6295
Calculate the remainder when 3824922 is divided by 2736.
2730
What is the remainder when 8048860 is divided by 25964?
20
Calculate the remainder when 10007001 is divided by 8895.
126
Calculate the remainder when 4741178 is divided by 11.
2
What is the remainder when 752001 is divided by 187982?
73
Calculate the remainder when 24026248 is divided by 92.
80
Calculate the remainder when 309831 is divided by 1988.
1691
What is the remainder when 11105 is divided by 3628?
221
What is the remainder when 13483255 is divided by 73?
9
Calculate the remainder when 8101 is divided by 5777.
2324
Calculate the remainder when 2269373 is divided by 13424.
717
Calculate the remainder when 18690 is divided by 1134.
546
Calculate the remainder when 480552 is divided by 160.
72
What is the remainder when 5352607 is divided by 2675966?
675
Calculate the remainder when 36322 is divided by 2622.
2236
What is the remainder when 89727 is divided by 9941?
258
Calculate the remainder when 9256156 is divided by 699.
697
Calculate the remainder when 118736173 is divided by 816.
13
What is the remainder when 10762724 is divided by 3392?
3300
What is the remainder when 10057853 is divided by 8?
5
What is the remainder when 16196886 is divided by 6435?
6426
Calculate the remainder when 31301091 is divided by 114.
111
What is the remainder when 62773 is divided by 4105?
1198
Calculate the remainder when 834147 is divided by 31.
30
Calculate the remainder when 306599 is divided by 32.
7
What is the remainder when 471604 is divided by 39268?
388
What is the remainder when 465526 is divided by 1538?
1050
Calculate the remainder when 27743840 is divided by 139.
135
What is the remainder when 247560394 is divided by 79?
69
Calculate the remainder when 915369 is divided by 16058.
63
What is the remainder when 1292375 is divided by 41689?
16
Calculate the remainder when 5095817 is divided by 339.
308
What is the remainder when 74299481 is divided by 376?
1
Calculate the remainder when 1086799 is divided by 57199.
18
What is the remainder when 1067175 is divided by 43?
1
What is the remainder when 19174260 is divided by 102?
96
Calculate the remainder when 257247 is divided by 4677.
12
What is the remainder when 46390 is divided by 1784?
6
Calculate the remainder when 356463 is divided by 19.
4
Calculate the remainder when 16878016 is divided by 750.
16
Calculate the remainder when 7565995 is divided by 35.
10
Calculate the remainder when 2882827 is divided by 960932.
31
Calculate the remainder when 17381703 is divided by 45.
3
Calculate the remainder when 293314 is divided by 431.
234
Calculate the remainder when 2941393 is divided by 70033.
7
What is the remainder when 8277590 is divided by 1939?
1938
What is the remainder when 62056 is divided by 5377?
2909
Calculate the remainder when 181989 is divided by 4552.
4461
Calculate the remainder when 65659 is divided by 25.
9
Calculate the remainder when 26079070 is divided by 5215810.
20
Calculate the remainder when 11312 is divided by 11281.
31
Calculate the remainder when 12102748 is divided by 226.
222
What is the remainder when 57473 is divided by 14340?
113
Calculate the remainder when 5852125 is divided by 571.
517
What is the remainder when 166262 is divided by 390?
122
Calculate the remainder when 255351 is divided by 17021.
36
Calculate the remainder when 30047207 is divided by 62081.
3
Calculate the remainder when 71527722 is divided by 11813.
7
Calculate the remainder when 27899 is divided by 426.
209
What is the remainder when 51294408 is divided by 5?
3
What is the remainder when 1492683 is divided by 14779?
4
Calculate the remainder when 1962740 is divided by 1961098.
1642
What is the remainder when 22355 is divided by 2483?
8
Calculate the remainder when 1006732 is divided by 4159.
254
What is the remainder when 28769 is divided by 7132?
241
Calculate the remainder when 11495993 is divided by 113.
51
Calculate the remainder when 275256 is divided by 190.
136
Calculate the remainder when 93789 is divided by 13363.
248
Calculate the remainder when 36199453 is divided by 1204.
1193
Calculate the remainder when 21083503 is divided by 136.
103
What is the remainder when 58982 is divided by 572?
66
Calculate the remainder when 32410 is divided by 6027.
2275
What is the remainder when 438995 is divided by 19914?
887
Calculate the remainder when 3654810 is divided by 196.
194
What is the remainder when 12011409 is divided by 465?
459
Calculate the remainder when 14051574 is divided by 331.
293
Calculate the remainder when 7680446 is divided by 500.
446
Calculate the remainder when 486879 is divided by 69385.
1184
Calculate the remainder when 17800908 is divided by 635746.
20
Calculate the remainder when 118629 is divided 